{"id":1429,"date":"2018-04-19T10:02:54","date_gmt":"2018-04-19T08:02:54","guid":{"rendered":"http:\/\/psychologue-lyon-codina.com\/?page_id=1429"},"modified":"2021-05-10T08:57:47","modified_gmt":"2021-05-10T06:57:47","slug":"type-accompagnement-2","status":"publish","type":"page","link":"https:\/\/psychologue-lyon-codina.com\/index.php\/type-accompagnement-2\/","title":{"rendered":"Type d&#8217;accompagnement"},"content":{"rendered":"<div class=\"vce-row-container\" data-vce-boxed-width=\"true\"><div class=\"vce-row vce-row--col-gap-30 vce-row-columns--top vce-row-content--top\" id=\"el-a1b47088\" data-vce-do-apply=\"all el-a1b47088\"><div class=\"vce-row-content\" data-vce-element-content=\"true\"><div class=\"vce-col vce-col--md-100p vce-col--xs-1 vce-col--xs-last vce-col--xs-first vce-col--sm-last vce-col--sm-first vce-col--md-last vce-col--lg-last vce-col--xl-last vce-col--md-first vce-col--lg-first vce-col--xl-first\" id=\"el-6c0eac98\"><div class=\"vce-col-inner\" data-vce-do-apply=\"border margin background  el-6c0eac98\"><div class=\"vce-col-content\" data-vce-element-content=\"true\" data-vce-do-apply=\"padding el-6c0eac98\"><\/div><\/div><\/div><\/div><\/div><\/div><div class=\"vce-row-container\" data-vce-boxed-width=\"true\"><div class=\"vce-row vce-row--col-gap-30 vce-row-columns--top vce-row-content--top\" id=\"el-42ca3c77\" data-vce-do-apply=\"all el-42ca3c77\"><div class=\"vce-row-content\" data-vce-element-content=\"true\"><div class=\"vce-col vce-col--md-50p vce-col--xs-1 vce-col--xs-last vce-col--xs-first vce-col--sm-last vce-col--sm-first vce-col--md-first vce-col--lg-first vce-col--xl-first\" id=\"el-251bf6db\"><div class=\"vce-col-inner\" data-vce-do-apply=\"border margin background  el-251bf6db\"><div class=\"vce-col-content\" data-vce-element-content=\"true\" data-vce-do-apply=\"padding el-251bf6db\"><div class=\"vce-text-block\"><div class=\"vce-text-block-wrapper vce\" id=\"el-36de92bc\" data-vce-do-apply=\"all el-36de92bc\"><p><strong>L'accompagnement est adapt\u00e9 en fonction des probl\u00e9matiques que vous rencontrez.<\/strong><\/p><p><strong>Il peut s'agir d'un accompagnement ponctuel ou r\u00e9gulier.<\/strong><\/p><p><strong>La premi\u00e8re consultation permet de se pr\u00e9senter.<\/strong><\/p><p><strong>J'\u00e9coute et j'\u00e9value votre demande. Nous conviendrons ensemble du rythme des s\u00e9ances.<\/strong><\/p><p><strong>Mon approche peut \u00eatre qualifi\u00e9e d'int\u00e9grative. Je m'appuis sur plusieurs r\u00e9f\u00e9rentiels th\u00e9oriques et j'utilise des outils et des modalit\u00e9s de suivi diff\u00e9rents en fonction des besoins du patient.<\/strong><\/p><p><a href=\"http:\/\/psychologue-lyon-codina.com\/index.php\/2020\/11\/17\/quest-ce-que-la-psychotherapie-integrative\/\"><strong>Cette page vous permettra de mieux comprendre ce qu'est l'approche int\u00e9grative.<\/strong><\/a><\/p><p style=\"line-height: 1.5;\"><strong>Je peux r\u00e9aliser des bilans cognitifs et de personnalit\u00e9. Trois s\u00e9ances sont alors n\u00e9cessaires afin de vous pr\u00e9senter le bilan, de r\u00e9aliser la passation et de vous communiquer sa restitution. J'utilise la WISC5. <br><\/strong><\/p><p style=\"line-height: 1.5;\"><a href=\"http:\/\/psychologue-lyon-codina.com\/index.php\/2021\/02\/09\/le-bilan-de-lenfant\/\"><strong>Cette page vous permettra de mieux comprendre l'int\u00e9r\u00eat d'un bilan pour l'enfant.<\/strong><\/a><\/p><\/div><\/div><\/div><\/div><\/div><div class=\"vce-col vce-col--md-50p vce-col--xs-1 vce-col--xs-last vce-col--xs-first vce-col--sm-last vce-col--sm-first vce-col--md-last vce-col--lg-last vce-col--xl-last\" id=\"el-65ff36ad\"><div class=\"vce-col-inner\" data-vce-do-apply=\"border margin background  el-65ff36ad\"><div class=\"vce-col-content\" data-vce-element-content=\"true\" data-vce-do-apply=\"padding el-65ff36ad\"><div class=\"vce-single-image-container vce-single-image--align-center\"><div class=\"vce vce-single-image-wrapper\" id=\"el-f9371d66\" data-vce-do-apply=\"all el-f9371d66\"><figure><div class=\"vce-single-image-inner vce-single-image--absolute vce-single-image--border-rounded\" style=\"padding-bottom: 66.2109%; width: 1024px;\"><img loading=\"lazy\" decoding=\"async\" class=\"vce-single-image\" width=\"1024\" height=\"678\" src=\"https:\/\/psychologue-lyon-codina.com\/wp-content\/uploads\/2021\/05\/index-1024x678.jpg\" srcset=\"https:\/\/psychologue-lyon-codina.com\/wp-content\/uploads\/2021\/05\/index-320x212.jpg 320w,https:\/\/psychologue-lyon-codina.com\/wp-content\/uploads\/2021\/05\/index-480x318.jpg 480w,https:\/\/psychologue-lyon-codina.com\/wp-content\/uploads\/2021\/05\/index-800x530.jpg 800w,https:\/\/psychologue-lyon-codina.com\/wp-content\/uploads\/2021\/05\/index-1024x678.jpg 1024w\" data-img-src=\"https:\/\/psychologue-lyon-codina.com\/wp-content\/uploads\/2021\/03\/index.jpg\" alt=\"\" title=\"index\" \/><\/div><figcaption hidden=\"\"><\/figcaption><\/figure><\/div><\/div><\/div><\/div><\/div><\/div><\/div><\/div>\n","protected":false},"excerpt":{"rendered":"<p>L&#8217;accompagnement est adapt\u00e9 en fonction des probl\u00e9matiques que vous rencontrez.Il peut s&#8217;agir d&#8217;un accompagnement ponctuel ou r\u00e9gulier.La premi\u00e8re consultation permet de se pr\u00e9senter.J&#8217;\u00e9coute et j&#8217;\u00e9value votre demande. Nous conviendrons ensemble &#8230;<\/p>\n","protected":false},"author":1,"featured_media":0,"parent":0,"menu_order":0,"comment_status":"closed","ping_status":"closed","template":"","meta":{"_monsterinsights_skip_tracking":false,"_monsterinsights_sitenote_active":false,"_monsterinsights_sitenote_note":"","_monsterinsights_sitenote_category":0,"footnotes":""},"_links":{"self":[{"href":"https:\/\/psychologue-lyon-codina.com\/index.php\/wp-json\/wp\/v2\/pages\/1429"}],"collection":[{"href":"https:\/\/psychologue-lyon-codina.com\/index.php\/wp-json\/wp\/v2\/pages"}],"about":[{"href":"https:\/\/psychologue-lyon-codina.com\/index.php\/wp-json\/wp\/v2\/types\/page"}],"author":[{"embeddable":true,"href":"https:\/\/psychologue-lyon-codina.com\/index.php\/wp-json\/wp\/v2\/users\/1"}],"replies":[{"embeddable":true,"href":"https:\/\/psychologue-lyon-codina.com\/index.php\/wp-json\/wp\/v2\/comments?post=1429"}],"version-history":[{"count":13,"href":"https:\/\/psychologue-lyon-codina.com\/index.php\/wp-json\/wp\/v2\/pages\/1429\/revisions"}],"predecessor-version":[{"id":1778,"href":"https:\/\/psychologue-lyon-codina.com\/index.php\/wp-json\/wp\/v2\/pages\/1429\/revisions\/1778"}],"wp:attachment":[{"href":"https:\/\/psychologue-lyon-codina.com\/index.php\/wp-json\/wp\/v2\/media?parent=1429"}],"curies":[{"name":"wp","href":"https:\/\/api.w.org\/{rel}","templated":true}]}}