{"id":1392,"date":"2018-04-14T19:55:37","date_gmt":"2018-04-14T17:55:37","guid":{"rendered":"http:\/\/psychologue-lyon-codina.com\/?page_id=1392"},"modified":"2021-02-13T14:17:01","modified_gmt":"2021-02-13T13:17:01","slug":"problematiques-2-psychologue-saint-priest","status":"publish","type":"page","link":"https:\/\/psychologue-lyon-codina.com\/index.php\/problematiques-2-psychologue-saint-priest\/","title":{"rendered":"Probl\u00e9matiques"},"content":{"rendered":"<div class=\"vce-row-container\" data-vce-boxed-width=\"true\"><div class=\"vce-row vce-row--col-gap-30 vce-row-columns--top vce-row-content--top\" id=\"el-1cbeabbf\" data-vce-do-apply=\"all el-1cbeabbf\"><div class=\"vce-row-content\" data-vce-element-content=\"true\"><div class=\"vce-col vce-col--md-100p vce-col--xs-1 vce-col--xs-last vce-col--xs-first vce-col--sm-last vce-col--sm-first vce-col--md-last vce-col--lg-last vce-col--xl-last vce-col--md-first vce-col--lg-first vce-col--xl-first\" id=\"el-f8b43133\"><div class=\"vce-col-inner\" data-vce-do-apply=\"border margin background  el-f8b43133\"><div class=\"vce-col-content\" data-vce-element-content=\"true\" data-vce-do-apply=\"padding el-f8b43133\"><\/div><\/div><\/div><\/div><\/div><\/div><div class=\"vce-row-container\" data-vce-boxed-width=\"true\"><div class=\"vce-row vce-row--col-gap-30 vce-row-columns--top vce-row-content--top\" id=\"el-e85dde35\" data-vce-do-apply=\"all el-e85dde35\"><div class=\"vce-row-content\" data-vce-element-content=\"true\"><div class=\"vce-col vce-col--md-58-03p vce-col--xs-1 vce-col--xs-last vce-col--xs-first vce-col--sm-last vce-col--sm-first vce-col--md-first vce-col--lg-first vce-col--xl-first\" id=\"el-5e1ed480\"><div class=\"vce-col-inner\" data-vce-do-apply=\"border margin background  el-5e1ed480\"><div class=\"vce-col-content\" data-vce-element-content=\"true\" data-vce-do-apply=\"padding el-5e1ed480\"><div class=\"vce-text-block\"><div class=\"vce-text-block-wrapper vce\" id=\"el-473404d4\" data-vce-do-apply=\"all el-473404d4\"><p><strong>Les motifs les plus fr\u00e9quents de consultation sont : <br><\/strong><\/p><p><strong>&nbsp;Difficult\u00e9s affectives et relationnelles <br><\/strong><\/p><p><strong>&nbsp;Difficult\u00e9s scolaires, professionnelles <br><\/strong><\/p><p><strong>&nbsp;Troubles du comportement <br><\/strong><\/p><p><strong>&nbsp;D\u00e9pression, Stress, Angoisse <br><\/strong><\/p><p><strong>&nbsp;Atteinte psychosomatique<\/strong><\/p><p><strong>&nbsp;Difficult\u00e9s sexuelles<\/strong><\/p><p><strong>&nbsp;S\u00e9paration, Deuil, Perte d'emploi <br><\/strong><\/p><p><strong>&nbsp;Harc\u00e8lement <br><\/strong><\/p><p><strong>&nbsp;Manque de confiance en soi <br><\/strong><\/p><p><strong>&nbsp;Mal-\u00eatre<\/strong><\/p><p><strong>&nbsp;Mieux se conna\u00eetre,&nbsp; D\u00e9veloppement Personnel<\/strong><\/p><\/div><\/div><\/div><\/div><\/div><div class=\"vce-col vce-col--md-41-97p vce-col--xs-1 vce-col--xs-last vce-col--xs-first vce-col--sm-last vce-col--sm-first vce-col--md-last vce-col--lg-last vce-col--xl-last\" id=\"el-3f6bb68b\"><div class=\"vce-col-inner\" data-vce-do-apply=\"border margin background  el-3f6bb68b\"><div class=\"vce-col-content\" data-vce-element-content=\"true\" data-vce-do-apply=\"padding el-3f6bb68b\"><div class=\"vce-single-image-container vce-single-image--align-center\"><div class=\"vce vce-single-image-wrapper\" id=\"el-e8573317\" data-vce-do-apply=\"all el-e8573317\"><figure><div class=\"vce-single-image-inner vce-single-image--absolute\" style=\"padding-bottom: 60.3542%; width: 734px;\"><img loading=\"lazy\" decoding=\"async\" class=\"vce-single-image\" width=\"734\" height=\"443\" src=\"https:\/\/psychologue-lyon-codina.com\/wp-content\/uploads\/2021\/02\/psychologue-enfants-adolescents-adultes-734x443.png\" srcset=\"https:\/\/psychologue-lyon-codina.com\/wp-content\/uploads\/2021\/02\/psychologue-enfants-adolescents-adultes-320x193.png 320w,https:\/\/psychologue-lyon-codina.com\/wp-content\/uploads\/2021\/02\/psychologue-enfants-adolescents-adultes-480x290.png 480w,https:\/\/psychologue-lyon-codina.com\/wp-content\/uploads\/2021\/02\/psychologue-enfants-adolescents-adultes-734x443.png 734w\" data-img-src=\"https:\/\/psychologue-lyon-codina.com\/wp-content\/uploads\/2018\/05\/psychologue-enfants-adolescents-adultes.png\" alt=\"\" title=\"psychologue-enfants-adolescents-adultes\" \/><\/div><figcaption hidden=\"\"><\/figcaption><\/figure><\/div><\/div><\/div><\/div><\/div><\/div><\/div><\/div><div class=\"vce-row-container\" data-vce-boxed-width=\"true\"><div class=\"vce-row vce-row--col-gap-30 vce-row-columns--top vce-row-content--top\" id=\"el-a5b37ee4\" data-vce-do-apply=\"all el-a5b37ee4\"><div class=\"vce-row-content\" data-vce-element-content=\"true\"><div class=\"vce-col vce-col--md-100p vce-col--xs-1 vce-col--xs-last vce-col--xs-first vce-col--sm-last vce-col--sm-first vce-col--md-last vce-col--lg-last vce-col--xl-last vce-col--md-first vce-col--lg-first vce-col--xl-first\" id=\"el-7d17effc\"><div class=\"vce-col-inner\" data-vce-do-apply=\"border margin background  el-7d17effc\"><div class=\"vce-col-content\" data-vce-element-content=\"true\" data-vce-do-apply=\"padding el-7d17effc\"><\/div><\/div><\/div><\/div><\/div><\/div>\n","protected":false},"excerpt":{"rendered":"<p>Les motifs les plus fr\u00e9quents de consultation sont : &nbsp;Difficult\u00e9s affectives et relationnelles &nbsp;Difficult\u00e9s scolaires, professionnelles &nbsp;Troubles du comportement &nbsp;D\u00e9pression, Stress, Angoisse &nbsp;Atteinte psychosomatique&nbsp;Difficult\u00e9s sexuelles&nbsp;S\u00e9paration, Deuil, Perte d&#8217;emploi &nbsp;Harc\u00e8lement &nbsp;Manque &#8230;<\/p>\n","protected":false},"author":1,"featured_media":0,"parent":0,"menu_order":0,"comment_status":"closed","ping_status":"closed","template":"","meta":{"_monsterinsights_skip_tracking":false,"_monsterinsights_sitenote_active":false,"_monsterinsights_sitenote_note":"","_monsterinsights_sitenote_category":0,"footnotes":""},"_links":{"self":[{"href":"https:\/\/psychologue-lyon-codina.com\/index.php\/wp-json\/wp\/v2\/pages\/1392"}],"collection":[{"href":"https:\/\/psychologue-lyon-codina.com\/index.php\/wp-json\/wp\/v2\/pages"}],"about":[{"href":"https:\/\/psychologue-lyon-codina.com\/index.php\/wp-json\/wp\/v2\/types\/page"}],"author":[{"embeddable":true,"href":"https:\/\/psychologue-lyon-codina.com\/index.php\/wp-json\/wp\/v2\/users\/1"}],"replies":[{"embeddable":true,"href":"https:\/\/psychologue-lyon-codina.com\/index.php\/wp-json\/wp\/v2\/comments?post=1392"}],"version-history":[{"count":14,"href":"https:\/\/psychologue-lyon-codina.com\/index.php\/wp-json\/wp\/v2\/pages\/1392\/revisions"}],"predecessor-version":[{"id":1748,"href":"https:\/\/psychologue-lyon-codina.com\/index.php\/wp-json\/wp\/v2\/pages\/1392\/revisions\/1748"}],"wp:attachment":[{"href":"https:\/\/psychologue-lyon-codina.com\/index.php\/wp-json\/wp\/v2\/media?parent=1392"}],"curies":[{"name":"wp","href":"https:\/\/api.w.org\/{rel}","templated":true}]}}